{"id":1119,"date":"2024-01-26T22:26:35","date_gmt":"2024-01-26T22:26:35","guid":{"rendered":"https:\/\/www.mcp.ec\/web\/?page_id=1119"},"modified":"2024-01-31T20:35:15","modified_gmt":"2024-01-31T20:35:15","slug":"que-es-el-mcp-ecuador","status":"publish","type":"page","link":"https:\/\/www.mcp.ec\/web\/que-es-el-mcp-ecuador\/","title":{"rendered":"\u00bfQu\u00e9 es el MCP Ecuador?"},"content":{"rendered":"\n<figure class=\"wp-block-image size-large\"><img decoding=\"async\" loading=\"lazy\" width=\"1024\" height=\"400\" src=\"https:\/\/www.mcp.ec\/web\/wp-content\/uploads\/2024\/01\/pag1-1024x400.jpg\" alt=\"\" class=\"wp-image-1169\" srcset=\"https:\/\/www.mcp.ec\/web\/wp-content\/uploads\/2024\/01\/pag1-1024x400.jpg 1024w, https:\/\/www.mcp.ec\/web\/wp-content\/uploads\/2024\/01\/pag1-300x117.jpg 300w, https:\/\/www.mcp.ec\/web\/wp-content\/uploads\/2024\/01\/pag1-768x300.jpg 768w, https:\/\/www.mcp.ec\/web\/wp-content\/uploads\/2024\/01\/pag1-154x60.jpg 154w, https:\/\/www.mcp.ec\/web\/wp-content\/uploads\/2024\/01\/pag1.jpg 1280w\" sizes=\"(max-width: 1024px) 100vw, 1024px\" \/><\/figure>\n\n\n\n<p><strong>\u00bfQu\u00e9 es el MCP Ecuador?<\/strong><\/p>\n\n\n\n<p>EL MCP ECUADOR es una instancia de participaci\u00f3n social, responsable de la presentaci\u00f3n, conducci\u00f3n y monitoreo estrat\u00e9gico de los proyectos financiados por el Fondo Mundial para la Lucha contra el VIH, la Tuberculosis y la Malaria.<\/p>\n\n\n\n<p>Se constituy\u00f3 en septiembre del 2002, con el liderazgo del Ministerio de Salud P\u00fablica con el apoyo de la cooperaci\u00f3n internacional, y en concordancia con los lineamientos del Fondo Mundial.<\/p>\n\n\n\n<p><strong>Misi\u00f3n del MCP<\/strong><\/p>\n\n\n\n<p>Coordinar, presentar y monitorear los proyectos financiados por el Fondo Mundial, asegurando que las intervenciones representen los intereses de todas las poblaciones m\u00e1s afectados por el VIH, la Tuberculosis y la Malaria a trav\u00e9s de la participaci\u00f3n de todos los actores de la respuesta nacional, contribuyendo al logro de los objetivos mundiales.<\/p>\n\n\n\n<p><strong>Visi\u00f3n del MCP<\/strong><\/p>\n\n\n\n<p>Ser reconocidos a nivel regional y nacional como un espacio de articulaci\u00f3n en el que confluyen todos los actores que forman parte de la respuesta nacional al VIH, la Tuberculosis y Malaria, incidiendo en la generaci\u00f3n de pol\u00edticas p\u00fablicas, estrategias y proyectos sostenibles que impacten positivamente a las poblaciones m\u00e1s afectadas por estas enfermedades.<\/p>\n","protected":false},"excerpt":{"rendered":"<p>\u00bfQu\u00e9 es el MCP Ecuador? EL MCP ECUADOR es una instancia de participaci\u00f3n social, responsable &hellip; <\/p>\n","protected":false},"author":1,"featured_media":0,"parent":0,"menu_order":0,"comment_status":"closed","ping_status":"closed","template":"","meta":[],"_links":{"self":[{"href":"https:\/\/www.mcp.ec\/web\/wp-json\/wp\/v2\/pages\/1119"}],"collection":[{"href":"https:\/\/www.mcp.ec\/web\/wp-json\/wp\/v2\/pages"}],"about":[{"href":"https:\/\/www.mcp.ec\/web\/wp-json\/wp\/v2\/types\/page"}],"author":[{"embeddable":true,"href":"https:\/\/www.mcp.ec\/web\/wp-json\/wp\/v2\/users\/1"}],"replies":[{"embeddable":true,"href":"https:\/\/www.mcp.ec\/web\/wp-json\/wp\/v2\/comments?post=1119"}],"version-history":[{"count":5,"href":"https:\/\/www.mcp.ec\/web\/wp-json\/wp\/v2\/pages\/1119\/revisions"}],"predecessor-version":[{"id":1325,"href":"https:\/\/www.mcp.ec\/web\/wp-json\/wp\/v2\/pages\/1119\/revisions\/1325"}],"wp:attachment":[{"href":"https:\/\/www.mcp.ec\/web\/wp-json\/wp\/v2\/media?parent=1119"}],"curies":[{"name":"wp","href":"https:\/\/api.w.org\/{rel}","templated":true}]}}